
81
What is the remainder when 103558745 is divided by 1223?
1220
What is the remainder when 315617 is divided by 497?
22
What is the remainder when 3328673 is divided by 96?
65
Calculate the remainder when 3980961 is divided by 265394.
51
What is the remainder when 1781042 is divided by 25?
17
Calculate the remainder when 5156518 is divided by 139365.
13
Calculate the remainder when 309268 is divided by 102945.
433
Calculate the remainder when 2318541 is divided by 259.
232
Calculate the remainder when 10856242 is divided by 67430.
12
What is the remainder when 28884 is divided by 3438?
1380
What is the remainder when 1121459 is divided by 44832?
659
Calculate the remainder when 68685 is divided by 22816.
237
What is the remainder when 472190 is divided by 54?
14
Calculate the remainder when 262601 is divided by 415.
321
Calculate the remainder when 44557810 is divided by 600.
10
Calculate the remainder when 225520 is divided by 226.
198
What is the remainder when 78034 is divided by 25277?
2203
Calculate the remainder when 2359001 is divided by 35742.
29
What is the remainder when 520525 is divided by 464?
381
Calculate the remainder when 91224354 is divided by 1473.
1464
Calculate the remainder when 15330 is divided by 14160.
1170
What is the remainder when 6085172 is divided by 19?
4
Calculate the remainder when 15016422 is divided by 496.
22
Calculate the remainder when 78504 is divided by 706.
138
Calculate the remainder when 727529 is divided by 10581.
8021
What is the remainder when 1121095 is divided by 22?
19
Calculate the remainder when 3123750 is divided by 7181.
15
Calculate the remainder when 4999860 is divided by 202.
158
What is the remainder when 7509200 is divided by 132?
116
Calculate the remainder when 1317061 is divided by 3466.
3447
What is the remainder when 131049 is divided by 991?
237
What is the remainder when 732073 is divided by 14?
13
Calculate the remainder when 63639688 is divided by 461.
21
Calculate the remainder when 4970222 is divided by 1656729.
35
Calculate the remainder when 191918 is divided by 3496.
3134
What is the remainder when 14274748 is divided by 549028?
20
Calculate the remainder when 44230100 is divided by 1802.
10
What is the remainder when 31546769 is divided by 35?
9
Calculate the remainder when 17975098 is divided by 195.
193
Calculate the remainder when 3564803 is divided by 891183.
71
What is the remainder when 561569 is divided by 383?
91
What is the remainder when 12115024 is divided by 224352?
16
What is the remainder when 101697 is divided by 699?
342
What is the remainder when 454416188 is divided by 337?
333
What is the remainder when 548578 is divided by 2295?
73
Calculate the remainder when 237315 is divided by 18025.
2990
Calculate the remainder when 351001 is divided by 58.
43
What is the remainder when 6635384 is divided by 46728?
8
What is the remainder when 823974 is divided by 823925?
49
Calculate the remainder when 958743 is divided by 312.
279
What is the remainder when 916789 is divided by 70520?
29
What is the remainder when 376962353 is divided by 271?
269
What is the remainder when 4449233 is divided by 1706?
1691
What is the remainder when 4865 is divided by 1754?
1357
Calculate the remainder when 156636 is divided by 25801.
1830
What is the remainder when 56975231 is divided by 399?
26
What is the remainder when 9421047 is divided by 226?
11
What is the remainder when 2345970 is divided by 602?
578
Calculate the remainder when 444124 is divided by 5259.
2368
What is the remainder when 57538 is divided by 3614?
3328
What is the remainder when 38360 is divided by 12118?
2006
Calculate the remainder when 52980149 is divided by 21.
5
What is the remainder when 8254 is divided by 6165?
2089
What is the remainder when 59821 is divided by 1211?
482
Calculate the remainder when 162664967 is divided by 3782906.
9
What is the remainder when 92344 is divided by 4859?
23
Calculate the remainder when 232185 is divided by 441.
219
What is the remainder when 586476 is divided by 922?
84
What is the remainder when 15338 is divided by 764?
58
Calculate the remainder when 11001903 is divided by 183365.
3
Calculate the remainder when 101118 is divided by 6842.
5330
Calculate the remainder when 1315646 is divided by 1477.
1116
What is the remainder when 5573 is divided by 2839?
2734
What is the remainder when 2594326 is divided by 36?
22
Calculate the remainder when 23126 is divided by 7079.
1889
Calculate the remainder when 125225 is divided by 34.
3
Calculate the remainder when 50712 is divided by 539.
46
What is the remainder when 62805 is divided by 38?
29
What is the remainder when 66346 is divided by 4821?
3673
Calculate the remainder when 82525 is divided by 26932.
1729
What is the remainder when 5914457 is divided by 297?
296
What is the remainder when 49866 is divided by 1133?
14
Calculate the remainder when 114800 is divided by 3555.
1040
Calculate the remainder when 63090586 is divided by 118.
116
Calculate the remainder when 93766431 is divided by 509.
487
Calculate the remainder when 89466442 is divided by 671.
670
What is the remainder when 179169 is divided by 221?
159
Calculate the remainder when 14223 is divided by 3429.
507
Calculate the remainder when 45568722 is divided by 933.
69
Calculate the remainder when 273250 is divided by 38968.
474
What is the remainder when 452350617 is divided by 707?
705
Calculate the remainder when 37611 is divided by 256.
235
Calculate the remainder when 376770 is divided by 3697.
3373
What is the remainder when 1018694 is divided by 130?
14
What is the remainder when 18070 is divided by 1766?
410
What is the remainder when 471745050 is divided by 741?
738
Calculate the remainder when 1381918 is divided by 160.
158
What is the remainder when 5526455 is divided by 391?
61
What is the remainder when 8447426 is divided by 963?
953
What is the remainder when 1070051 is divided by 93?
86
What is the remainder when 177697 is divided by 130?
117
Calculate the remainder when 17902400 is divided by 2557474.
82
Calculate the remainder when 3745508 is divided by 2647.
3
Calculate the remainder when 2269489 is divided by 567356.
65
Calculate the remainder when 25826983 is divided by 25826974.
9
What is the remainder when 163348294 is divided by 4?
2
Calculate the remainder when 19361320 is divided by 201.
196
Calculate the remainder when 10367670 is divided by 8831.
76
Calculate the remainder when 19705899 is divided by 1797.
1794
What is the remainder when 16568006 is divided by 2008?
2006
What is the remainder when 15560199 is divided by 166?
23
What is the remainder when 125883 is divided by 5451?
510
What is the remainder when 311177 is divided by 13105?
9762
Calculate the remainder when 109630 is divided by 2864.
798
What is the remainder when 4466534 is divided by 2233264?
6
Calculate the remainder when 4938255 is divided by 20.
15
Calculate the remainder when 62602 is divided by 62568.
34
Calculate the remainder when 354562 is divided by 39393.
25
Calculate the remainder when 144820 is divided by 35788.
1668
Calculate the remainder when 7996 is divided by 7592.
404
Calculate the remainder when 210337 is divided by 103371.
3595
Calculate the remainder when 8431604 is divided by 26104.
12
What is the remainder when 2073269 is divided by 691074?
47
What is the remainder when 2283241 is divided by 108?
13
What is the remainder when 12925766 is divided by 349345?
1
Calculate the remainder when 308333023 is divided by 38.
35
What is the remainder when 4156150 is divided by 308?
306
What is the remainder when 270733 is divided by 3511?
386
Calculate the remainder when 135041207 is divided by 152.
151
Calculate the remainder when 7424624 is divided by 1846.
12
What is the remainder when 5854442 is divided by 37?
6
Calculate the remainder when 2815561 is divided by 8690.
1
What is the remainder when 1075507 is divided by 6770?
5847
Calculate the remainder when 17058346 is divided by 29.
24
What is the remainder when 302168 is divided by 787?
747
Calculate the remainder when 3799914 is divided by 12972.
12090
What is the remainder when 57508 is divided by 191?
17
Calculate the remainder when 326650 is divided by 1958.
1622
What is the remainder w